{"id":589,"date":"2021-12-14T17:58:13","date_gmt":"2021-12-14T17:58:13","guid":{"rendered":"https:\/\/kirchgemeinde.kikartei.ch\/?page_id=589"},"modified":"2021-12-16T09:19:35","modified_gmt":"2021-12-16T09:19:35","slug":"kinder-und-familien","status":"publish","type":"page","link":"https:\/\/kirchgemeinde.kikartei.ch\/index.php\/kinder-und-familien\/","title":{"rendered":"Kinder und Familien"},"content":{"rendered":"<p>[et_pb_section fb_built=&#8220;1&#8243; admin_label=&#8220;Header&#8220; _builder_version=&#8220;4.13.0&#8243; _module_preset=&#8220;default&#8220; custom_padding=&#8220;||1px|||&#8220; global_colors_info=&#8220;{}&#8220;][et_pb_row column_structure=&#8220;1_2,1_2&#8243; _builder_version=&#8220;4.7.7&#8243; _module_preset=&#8220;default&#8220; locked=&#8220;off&#8220; global_colors_info=&#8220;{}&#8220;][et_pb_column type=&#8220;1_2&#8243; _builder_version=&#8220;4.7.4&#8243; _module_preset=&#8220;default&#8220; custom_padding=&#8220;20px||||false|false&#8220; custom_padding_tablet=&#8220;0px||||false|false&#8220; custom_padding_phone=&#8220;&#8220; custom_padding_last_edited=&#8220;on|tablet&#8220; global_colors_info=&#8220;{}&#8220;][et_pb_text _builder_version=&#8220;4.7.4&#8243; _module_preset=&#8220;default&#8220; header_font=&#8220;Poppins|600|||||||&#8220; header_text_color=&#8220;#005450&#8243; header_font_size=&#8220;80px&#8220; header_line_height=&#8220;1.2em&#8220; header_font_size_tablet=&#8220;40px&#8220; header_font_size_phone=&#8220;24px&#8220; header_font_size_last_edited=&#8220;on|phone&#8220; locked=&#8220;off&#8220; global_colors_info=&#8220;{}&#8220;]<\/p>\n<h1>Kinder und Familien<\/h1>\n<p>[\/et_pb_text][et_pb_text _builder_version=&#8220;4.13.0&#8243; _module_preset=&#8220;default&#8220; text_font=&#8220;Work Sans||||||||&#8220; text_font_size=&#8220;16px&#8220; text_line_height=&#8220;1.8em&#8220; max_width=&#8220;460px&#8220; text_font_size_tablet=&#8220;&#8220; text_font_size_phone=&#8220;14px&#8220; text_font_size_last_edited=&#8220;on|phone&#8220; locked=&#8220;off&#8220; global_colors_info=&#8220;{}&#8220;]<\/p>\n<p style=\"text-align: left;\"><span style=\"color: #2e987d;\">Aufgenommen in Gottes grosse Familie!<\/span><\/p>\n<p style=\"text-align: left;\"><span style=\"color: #2e987d;\">F\u00fcrchte dich nicht, ich habe dich bei deinem Namen gerufen. Du geh\u00f6rst zu mir!<\/span><\/p>\n<p>[\/et_pb_text][\/et_pb_column][et_pb_column type=&#8220;1_2&#8243; _builder_version=&#8220;4.7.7&#8243; _module_preset=&#8220;default&#8220; background_color=&#8220;#aacd70&#8243; custom_padding=&#8220;60px|50px|60px|50px|true|true&#8220; custom_padding_tablet=&#8220;50px|50px|50px|50px|true|true&#8220; custom_padding_phone=&#8220;20px|20px|20px|20px|true|true&#8220; custom_padding_last_edited=&#8220;on|phone&#8220; border_radii=&#8220;off|70px||70px|&#8220; border_radii_tablet=&#8220;&#8220; border_radii_phone=&#8220;off|20px||20px|&#8220; border_radii_last_edited=&#8220;on|phone&#8220; global_colors_info=&#8220;{}&#8220;][et_pb_blurb title=&#8220;E-Mail-Adresse&#8220; use_icon=&#8220;on&#8220; font_icon=&#8220;&#xe076;||divi||400&#8243; image_icon_background_color=&#8220;rgba(0,39,37,0.1)&#8220; icon_placement=&#8220;left&#8220; image_icon_width=&#8220;18px&#8220; content_max_width=&#8220;100%&#8220; _builder_version=&#8220;4.13.0&#8243; _module_preset=&#8220;default&#8220; header_font=&#8220;Work Sans||||||||&#8220; header_text_color=&#8220;#002725&#8243; header_font_size=&#8220;16px&#8220; header_line_height=&#8220;1.2em&#8220; body_font=&#8220;Poppins|600|||||||&#8220; body_text_color=&#8220;#002725&#8243; body_font_size=&#8220;20px&#8220; body_line_height=&#8220;1.6em&#8220; body_link_text_color=&#8220;#002725&#8243; image_icon_custom_padding=&#8220;8px|8px|8px|8px|false|false&#8220; animation=&#8220;off&#8220; header_font_size_tablet=&#8220;&#8220; header_font_size_phone=&#8220;14px&#8220; header_font_size_last_edited=&#8220;on|phone&#8220; body_font_size_tablet=&#8220;18px&#8220; body_font_size_phone=&#8220;16px&#8220; body_font_size_last_edited=&#8220;on|phone&#8220; border_radii_image=&#8220;on|100%|100%|100%|100%&#8220; icon_font_size=&#8220;18px&#8220; use_circle=&#8220;on&#8220; circle_color=&#8220;rgba(0,39,37,0.1)&#8220; locked=&#8220;off&#8220; global_colors_info=&#8220;{}&#8220; image_icon_background_color__sticky_enabled=&#8220;#002725&#8243; image_icon_background_color__sticky=&#8220;#002725&#8243;]<\/p>\n<p><a href=\"mailto:info@kw-software.ch\">info@kw-software.ch<\/a><\/p>\n<p>[\/et_pb_blurb][et_pb_blurb title=&#8220;Telefon&#8220; use_icon=&#8220;on&#8220; font_icon=&#8220;&#xe090;||divi||400&#8243; image_icon_background_color=&#8220;rgba(0,39,37,0.1)&#8220; icon_placement=&#8220;left&#8220; image_icon_width=&#8220;18px&#8220; content_max_width=&#8220;100%&#8220; _builder_version=&#8220;4.13.0&#8243; _module_preset=&#8220;default&#8220; header_font=&#8220;Work Sans||||||||&#8220; header_text_color=&#8220;#002725&#8243; header_font_size=&#8220;16px&#8220; header_line_height=&#8220;1.2em&#8220; body_font=&#8220;Poppins|600|||||||&#8220; body_text_color=&#8220;#002725&#8243; body_font_size=&#8220;20px&#8220; body_line_height=&#8220;1.6em&#8220; body_link_text_color=&#8220;#002725&#8243; image_icon_custom_padding=&#8220;8px|8px|8px|8px|false|false&#8220; animation=&#8220;off&#8220; header_font_size_tablet=&#8220;&#8220; header_font_size_phone=&#8220;14px&#8220; header_font_size_last_edited=&#8220;on|phone&#8220; body_font_size_tablet=&#8220;18px&#8220; body_font_size_phone=&#8220;16px&#8220; body_font_size_last_edited=&#8220;on|phone&#8220; border_radii_image=&#8220;on|100%|100%|100%|100%&#8220; icon_font_size=&#8220;18px&#8220; use_circle=&#8220;on&#8220; circle_color=&#8220;rgba(0,39,37,0.1)&#8220; locked=&#8220;off&#8220; global_colors_info=&#8220;{}&#8220; image_icon_background_color__sticky_enabled=&#8220;#002725&#8243; image_icon_background_color__sticky=&#8220;#002725&#8243;]<\/p>\n<p>+41 055 789 65 11<\/p>\n<p>[\/et_pb_blurb][et_pb_blurb title=&#8220;\u00d6ffnungszeiten&#8220; use_icon=&#8220;on&#8220; font_icon=&#8220;&#xe06b;||divi||400&#8243; image_icon_background_color=&#8220;rgba(0,39,37,0.1)&#8220; icon_placement=&#8220;left&#8220; image_icon_width=&#8220;18px&#8220; content_max_width=&#8220;100%&#8220; _builder_version=&#8220;4.13.0&#8243; _module_preset=&#8220;default&#8220; header_font=&#8220;Work Sans||||||||&#8220; header_text_color=&#8220;#002725&#8243; header_font_size=&#8220;16px&#8220; header_line_height=&#8220;1.2em&#8220; body_font=&#8220;Poppins|600|||||||&#8220; body_text_color=&#8220;#002725&#8243; body_font_size=&#8220;20px&#8220; body_line_height=&#8220;1.6em&#8220; body_link_text_color=&#8220;#002725&#8243; image_icon_custom_padding=&#8220;8px|8px|8px|8px|false|false&#8220; animation=&#8220;off&#8220; header_font_size_tablet=&#8220;&#8220; header_font_size_phone=&#8220;14px&#8220; header_font_size_last_edited=&#8220;on|phone&#8220; body_font_size_tablet=&#8220;18px&#8220; body_font_size_phone=&#8220;16px&#8220; body_font_size_last_edited=&#8220;on|phone&#8220; border_radii_image=&#8220;on|100%|100%|100%|100%&#8220; icon_font_size=&#8220;18px&#8220; use_circle=&#8220;on&#8220; circle_color=&#8220;rgba(0,39,37,0.1)&#8220; locked=&#8220;off&#8220; global_colors_info=&#8220;{}&#8220; image_icon_background_color__sticky_enabled=&#8220;#002725&#8243; image_icon_background_color__sticky=&#8220;#002725&#8243;]<\/p>\n<p>Mo- Mi: 10.00- 17.00<br \/>Do- Sa: 01.00 &#8211; 16.00<\/p>\n<p>[\/et_pb_blurb][\/et_pb_column][\/et_pb_row][\/et_pb_section][et_pb_section fb_built=&#8220;1&#8243; specialty=&#8220;on&#8220; _builder_version=&#8220;4.14.2&#8243; _module_preset=&#8220;default&#8220; min_height=&#8220;659.7px&#8220; custom_margin=&#8220;-3px|||||&#8220; custom_padding=&#8220;33px||3px|||&#8220; global_colors_info=&#8220;{}&#8220;][et_pb_column type=&#8220;1_2&#8243; _builder_version=&#8220;3.25&#8243; custom_padding=&#8220;|||&#8220; global_colors_info=&#8220;{}&#8220; custom_padding__hover=&#8220;|||&#8220;][et_pb_image src=&#8220;https:\/\/kirchgemeinde.kikartei.ch\/wp-content\/uploads\/2021\/12\/cooking-4283413_960_720.jpg&#8220; title_text=&#8220;Cooking 4283413 960 720&#8243; _builder_version=&#8220;4.14.2&#8243; _module_preset=&#8220;default&#8220; custom_margin=&#8220;||-2px|-362px||&#8220; hover_enabled=&#8220;0&#8243; global_colors_info=&#8220;{}&#8220; sticky_enabled=&#8220;0&#8243;][\/et_pb_image][\/et_pb_column][et_pb_column type=&#8220;1_2&#8243; specialty_columns=&#8220;2&#8243; _builder_version=&#8220;3.25&#8243; custom_padding=&#8220;|||&#8220; global_colors_info=&#8220;{}&#8220; custom_padding__hover=&#8220;|||&#8220;][et_pb_row_inner column_structure=&#8220;1_2,1_2&#8243; admin_label=&#8220;Zeile&#8220; _builder_version=&#8220;4.13.0&#8243; _module_preset=&#8220;default&#8220; custom_margin=&#8220;|3px||||&#8220; custom_padding=&#8220;80px|||||&#8220; global_colors_info=&#8220;{}&#8220;][et_pb_column_inner type=&#8220;1_2&#8243; saved_specialty_column_type=&#8220;1_2&#8243; _builder_version=&#8220;4.13.0&#8243; _module_preset=&#8220;default&#8220; global_colors_info=&#8220;{}&#8220;][et_pb_text _builder_version=&#8220;4.14.2&#8243; _module_preset=&#8220;default&#8220; text_font=&#8220;|600|||||||&#8220; global_colors_info=&#8220;{}&#8220;]<\/p>\n<p><span style=\"color: #2e987d;\">&#8222;<b>Geniessen und Feiern<\/b>&#8222;<\/span><\/p>\n<p style=\"text-align: justify;\"><span>Der beliebte Zmittag geht weiter, zur gleichen Zeit an einem anderen Tag. Herzlich eingeladen sind Kinder und Jugendliche mit ihren Eltern und\/oder Grosseltern. Nach einem feinen, liebevoll zubereiteten Zmittag inkl. Dessert findet jeweils ein Jugendgottesdienst und ein Kindergottesdienst statt.<\/span><\/p>\n<p>[\/et_pb_text][\/et_pb_column_inner][et_pb_column_inner type=&#8220;1_2&#8243; saved_specialty_column_type=&#8220;1_2&#8243; _builder_version=&#8220;4.13.0&#8243; _module_preset=&#8220;default&#8220; global_colors_info=&#8220;{}&#8220;][et_pb_text _builder_version=&#8220;4.13.0&#8243; _module_preset=&#8220;default&#8220; text_font=&#8220;|600|||||||&#8220; width=&#8220;100%&#8220; global_colors_info=&#8220;{}&#8220;]<\/p>\n<p><span style=\"color: #2e987d;\">Allgemeine Informationen<\/span><\/p>\n<p style=\"text-align: justify;\"><span>Am Ausgang steht ein K\u00e4sseli, wir danken herzlich f\u00fcr einen kleinen Unkostenbeitrag.<\/span><\/p>\n<p><span>Anmeldung bis jeweils Dienstag vor dem Zmittag\u00a0 an <\/span><a href=\"https:\/\/www.ref-sh.ch\/kg\/steig\/marijke.dukel\" onmouseover=\"kwTooltip(this,'\/_kirchenweb\/portraits\/ajaxPortrait.php?id=1723');\" onmouseout=\"kwTooltip();\">Max Muster<\/a><span><\/span><\/p>\n<p><span>Es freuen sich auf Euch und Sie:<\/span><br \/><span>Franziska F\u00fcllemann, Marijke Dukel, Stephanie Signer und Nyree Heckmann<\/span><\/p>\n<p style=\"text-align: justify;\"><span style=\"color: #004643;\"><\/span><\/p>\n<p>[\/et_pb_text][\/et_pb_column_inner][\/et_pb_row_inner][et_pb_row_inner _builder_version=&#8220;4.13.0&#8243; _module_preset=&#8220;default&#8220; custom_margin=&#8220;-8px|||||&#8220; global_colors_info=&#8220;{}&#8220;][et_pb_column_inner saved_specialty_column_type=&#8220;1_2&#8243; _builder_version=&#8220;4.13.0&#8243; _module_preset=&#8220;default&#8220; global_colors_info=&#8220;{}&#8220;][et_pb_text _builder_version=&#8220;4.13.0&#8243; _module_preset=&#8220;default&#8220; text_font=&#8220;|600|||||||&#8220; global_colors_info=&#8220;{}&#8220;]<\/p>\n<p><span style=\"color: #2e987d;\">Kontakt<\/span><\/p>\n<p style=\"text-align: justify;\"><span style=\"color: #004643;\">Max Muster<\/span><\/p>\n<p style=\"text-align: justify;\"><span style=\"color: #004643;\">Tel. +41 12 365 47 89<\/span><\/p>\n<p style=\"text-align: justify;\"><span style=\"color: #004643;\">E-Mail max.muster@email.ch<\/span><\/p>\n<p>[\/et_pb_text][\/et_pb_column_inner][\/et_pb_row_inner][\/et_pb_column][\/et_pb_section][et_pb_section fb_built=&#8220;1&#8243; specialty=&#8220;on&#8220; _builder_version=&#8220;4.13.0&#8243; _module_preset=&#8220;default&#8220; min_height=&#8220;659.7px&#8220; custom_margin=&#8220;-3px|||||&#8220; custom_padding=&#8220;33px||3px|||&#8220; global_colors_info=&#8220;{}&#8220;][et_pb_column type=&#8220;1_2&#8243; _builder_version=&#8220;3.25&#8243; custom_padding=&#8220;|||&#8220; global_colors_info=&#8220;{}&#8220; custom_padding__hover=&#8220;|||&#8220;][et_pb_image src=&#8220;https:\/\/kirchgemeinde.kikartei.ch\/wp-content\/uploads\/2021\/12\/pexels-lukas-296301-scaled.jpg&#8220; title_text=&#8220;Pexels Lukas 296301&#8243; _builder_version=&#8220;4.14.2&#8243; _module_preset=&#8220;default&#8220; custom_margin=&#8220;||-2px|-362px||&#8220; global_colors_info=&#8220;{}&#8220;][\/et_pb_image][\/et_pb_column][et_pb_column type=&#8220;1_2&#8243; specialty_columns=&#8220;2&#8243; _builder_version=&#8220;3.25&#8243; custom_padding=&#8220;|||&#8220; global_colors_info=&#8220;{}&#8220; custom_padding__hover=&#8220;|||&#8220;][et_pb_row_inner column_structure=&#8220;1_2,1_2&#8243; _builder_version=&#8220;4.13.0&#8243; _module_preset=&#8220;default&#8220; custom_margin=&#8220;74px|3px|48px||false|&#8220; custom_padding=&#8220;5px|||||&#8220; global_colors_info=&#8220;{}&#8220;][et_pb_column_inner type=&#8220;1_2&#8243; saved_specialty_column_type=&#8220;1_2&#8243; _builder_version=&#8220;4.13.0&#8243; _module_preset=&#8220;default&#8220; global_colors_info=&#8220;{}&#8220;][et_pb_text _builder_version=&#8220;4.14.2&#8243; _module_preset=&#8220;default&#8220; text_font=&#8220;|600|||||||&#8220; global_colors_info=&#8220;{}&#8220;]<\/p>\n<p><span style=\"color: #2e987d;\">Spielfest f\u00fcr Kinder<\/span><\/p>\n<p style=\"text-align: justify;\"><span>Im Herbst findet jeweils ein Spielfest f\u00fcr Kinder vom Kindergarten bis zur 3. Klasse statt. Eine Geschichte wird erz\u00e4hlt, Bastelarbeiten in Angriff genommen und auf dem Areal der Steigkirche wird ein Postenlauf veranstaltet. Auch ein Zvieri darf nicht fehlen. Es ist jeweils ein sch\u00f6ner Nachmittag.<\/span><\/p>\n<p>[\/et_pb_text][\/et_pb_column_inner][et_pb_column_inner type=&#8220;1_2&#8243; saved_specialty_column_type=&#8220;1_2&#8243; _builder_version=&#8220;4.13.0&#8243; _module_preset=&#8220;default&#8220; global_colors_info=&#8220;{}&#8220;][et_pb_text _builder_version=&#8220;4.13.0&#8243; _module_preset=&#8220;default&#8220; text_font=&#8220;|600|||||||&#8220; width=&#8220;100%&#8220; global_colors_info=&#8220;{}&#8220;]<\/p>\n<p><span style=\"color: #2e987d;\">Wann und Wo?<\/span><\/p>\n<p style=\"text-align: justify;\"><span>Das Spielfesr findet jeweils am Mittwochs und Freitags im Steigsaal statt. Sie beginnt um 13.30 Uhr und dauert 30 Minuten. Anschliessend gibt es Zvieri, f\u00fcr die Kinder Gelegenheit zum Spielen, w\u00e4hrend die Erwachsenen miteinander ins Gespr\u00e4ch kommen.<\/span><\/p>\n<p style=\"text-align: justify;\"><span style=\"color: #004643;\"><\/span><\/p>\n<p>[\/et_pb_text][\/et_pb_column_inner][\/et_pb_row_inner][et_pb_row_inner _builder_version=&#8220;4.13.0&#8243; _module_preset=&#8220;default&#8220; custom_margin=&#8220;-8px|||||&#8220; global_colors_info=&#8220;{}&#8220; custom_padding=&#8220;||6px|||&#8220;][et_pb_column_inner saved_specialty_column_type=&#8220;1_2&#8243; _builder_version=&#8220;4.13.0&#8243; _module_preset=&#8220;default&#8220; global_colors_info=&#8220;{}&#8220;][et_pb_text _builder_version=&#8220;4.13.0&#8243; _module_preset=&#8220;default&#8220; text_font=&#8220;|600|||||||&#8220; global_colors_info=&#8220;{}&#8220;]<\/p>\n<p><span style=\"color: #2e987d;\">Kontakt<\/span><\/p>\n<p style=\"text-align: justify;\"><span style=\"color: #004643;\">Jacob Winter<\/span><\/p>\n<p style=\"text-align: justify;\"><span style=\"color: #004643;\">Telefon: +41 44 789 65 41<br \/><\/span><\/p>\n<p style=\"text-align: justify;\"><span style=\"color: #004643;\">E-Mail: jacob.winter@emsail.ch<\/span><\/p>\n<p style=\"text-align: justify;\"><span style=\"color: #004643;\"><\/span><\/p>\n<p>[\/et_pb_text][\/et_pb_column_inner][\/et_pb_row_inner][\/et_pb_column][\/et_pb_section][et_pb_section fb_built=&#8220;1&#8243; specialty=&#8220;on&#8220; _builder_version=&#8220;4.13.0&#8243; _module_preset=&#8220;default&#8220; min_height=&#8220;659.7px&#8220; custom_margin=&#8220;-3px|||||&#8220; custom_padding=&#8220;29px||3px|||&#8220; global_colors_info=&#8220;{}&#8220;][et_pb_column type=&#8220;1_2&#8243; _builder_version=&#8220;3.25&#8243; custom_padding=&#8220;|||&#8220; global_colors_info=&#8220;{}&#8220; custom_padding__hover=&#8220;|||&#8220;][et_pb_image src=&#8220;https:\/\/kirchgemeinde.kikartei.ch\/wp-content\/uploads\/2021\/12\/kids-1093758_960_720.webp&#8220; title_text=&#8220;Kids 1093758 960 720&#8243; _builder_version=&#8220;4.14.2&#8243; _module_preset=&#8220;default&#8220; custom_margin=&#8220;||-2px|-362px||&#8220; hover_enabled=&#8220;0&#8243; global_colors_info=&#8220;{}&#8220; sticky_enabled=&#8220;0&#8243;][\/et_pb_image][\/et_pb_column][et_pb_column type=&#8220;1_2&#8243; specialty_columns=&#8220;2&#8243; _builder_version=&#8220;3.25&#8243; custom_padding=&#8220;|||&#8220; global_colors_info=&#8220;{}&#8220; custom_padding__hover=&#8220;|||&#8220;][et_pb_row_inner column_structure=&#8220;1_2,1_2&#8243; _builder_version=&#8220;4.13.0&#8243; _module_preset=&#8220;default&#8220; custom_margin=&#8220;19px|3px||||&#8220; custom_padding=&#8220;5px||3px|||&#8220; global_colors_info=&#8220;{}&#8220;][et_pb_column_inner type=&#8220;1_2&#8243; saved_specialty_column_type=&#8220;1_2&#8243; _builder_version=&#8220;4.13.0&#8243; _module_preset=&#8220;default&#8220; global_colors_info=&#8220;{}&#8220;][et_pb_text _builder_version=&#8220;4.14.2&#8243; _module_preset=&#8220;default&#8220; text_font=&#8220;|600|||||||&#8220; global_colors_info=&#8220;{}&#8220;]<\/p>\n<p><span style=\"color: #2e987d;\">Fiire mit de Chliine<\/span><\/p>\n<p style=\"text-align: justify;\"><span>Das &#8222;Fiire mit de Chliine&#8220; ist eine wunderbare M\u00f6glichkeit, Familien und Kinder aus dem Quartier zu treffen. Kleine Kinder in Begleitung ihrer Eltern oder einer anderen Bezugsperson machen in einer einfachen, unkomplizierten Feier erste, ihrem Alter entsprechende gottesdienstliche Erfahrungen. Wir singen, h\u00f6ren eine Geschichte, entdecken auf verschiedenste Art, wie wir Gott unsere Freude zeigen k\u00f6nnen, und wie er uns lieb hat. Es gibt viel Raum f\u00fcr die Spontanit\u00e4t der Kinder.<\/span><\/p>\n<p>[\/et_pb_text][\/et_pb_column_inner][et_pb_column_inner type=&#8220;1_2&#8243; saved_specialty_column_type=&#8220;1_2&#8243; _builder_version=&#8220;4.13.0&#8243; _module_preset=&#8220;default&#8220; global_colors_info=&#8220;{}&#8220;][et_pb_text _builder_version=&#8220;4.13.0&#8243; _module_preset=&#8220;default&#8220; text_font=&#8220;|600|||||||&#8220; width=&#8220;100%&#8220; global_colors_info=&#8220;{}&#8220;]<\/p>\n<p><span style=\"color: #2e987d;\">Wann und Wo?<\/span><\/p>\n<p style=\"text-align: justify;\"><span>Die Feier findet jeweils am Donnerstagnachmittag im Steigsaal statt. Sie beginnt um 16.15 Uhr und dauert 30 Minuten. Anschliessend gibt es Zvieri, f\u00fcr die Kinder Gelegenheit zum Spielen, w\u00e4hrend die Erwachsenen miteinander ins Gespr\u00e4ch kommen.<\/span><\/p>\n<p style=\"text-align: justify;\"><span style=\"color: #004643;\"><\/span><\/p>\n<p>[\/et_pb_text][\/et_pb_column_inner][\/et_pb_row_inner][et_pb_row_inner _builder_version=&#8220;4.13.0&#8243; _module_preset=&#8220;default&#8220; custom_margin=&#8220;-8px|||||&#8220; global_colors_info=&#8220;{}&#8220; custom_padding=&#8220;21px|||||&#8220;][et_pb_column_inner saved_specialty_column_type=&#8220;1_2&#8243; _builder_version=&#8220;4.13.0&#8243; _module_preset=&#8220;default&#8220; global_colors_info=&#8220;{}&#8220;][et_pb_text _builder_version=&#8220;4.13.0&#8243; _module_preset=&#8220;default&#8220; text_font=&#8220;|600|||||||&#8220; global_colors_info=&#8220;{}&#8220;]<\/p>\n<p><span style=\"color: #2e987d;\">Kontakt<\/span><\/p>\n<p style=\"text-align: justify;\"><span style=\"color: #004643;\">Margrit Weijl<\/span><\/p>\n<p style=\"text-align: justify;\"><span style=\"color: #004643;\">Telefon: +41 12 365 47 89<\/span><\/p>\n<p style=\"text-align: justify;\"><span style=\"color: #004643;\">E-Mail: max.muster@email.ch<\/span><\/p>\n<p>[\/et_pb_text][\/et_pb_column_inner][\/et_pb_row_inner][\/et_pb_column][\/et_pb_section]<\/p>\n","protected":false},"excerpt":{"rendered":"<p>Kinder und FamilienAufgenommen in Gottes grosse Familie! F\u00fcrchte dich nicht, ich habe dich bei deinem Namen gerufen. Du geh\u00f6rst zu mir!info@kw-software.ch+41 055 789 65 11Mo- Mi: 10.00- 17.00Do- Sa: 01.00 &#8211; 16.00&#8243;Geniessen und Feiern&#8220; Der beliebte Zmittag geht weiter, zur gleichen Zeit an einem anderen Tag. Herzlich eingeladen sind Kinder und Jugendliche mit ihren Eltern [&hellip;]<\/p>\n","protected":false},"author":1,"featured_media":0,"parent":0,"menu_order":0,"comment_status":"closed","ping_status":"closed","template":"","meta":{"_et_pb_use_builder":"on","_et_pb_old_content":"","_et_gb_content_width":"","footnotes":""},"class_list":["post-589","page","type-page","status-publish","hentry"],"yoast_head":"<!-- This site is optimized with the Yoast SEO plugin v27.4 - https:\/\/yoast.com\/product\/yoast-seo-wordpress\/ -->\n<title>Kinder und Familien - Kirchgemeinde Demo<\/title>\n<meta name=\"robots\" content=\"noindex, follow, max-snippet:-1, max-image-preview:large, max-video-preview:-1\" \/>\n<meta property=\"og:locale\" content=\"de_DE\" \/>\n<meta property=\"og:type\" content=\"article\" \/>\n<meta property=\"og:title\" content=\"Kinder und Familien - Kirchgemeinde Demo\" \/>\n<meta property=\"og:description\" content=\"Kinder und FamilienAufgenommen in Gottes grosse Familie! F\u00fcrchte dich nicht, ich habe dich bei deinem Namen gerufen. Du geh\u00f6rst zu mir!info@kw-software.ch+41 055 789 65 11Mo- Mi: 10.00- 17.00Do- Sa: 01.00 - 16.00&quot;Geniessen und Feiern&quot; Der beliebte Zmittag geht weiter, zur gleichen Zeit an einem anderen Tag. Herzlich eingeladen sind Kinder und Jugendliche mit ihren Eltern [&hellip;]\" \/>\n<meta property=\"og:url\" content=\"https:\/\/kirchgemeinde.kikartei.ch\/index.php\/kinder-und-familien\/\" \/>\n<meta property=\"og:site_name\" content=\"Kirchgemeinde Demo\" \/>\n<meta property=\"article:modified_time\" content=\"2021-12-16T09:19:35+00:00\" \/>\n<meta name=\"twitter:card\" content=\"summary_large_image\" \/>\n<meta name=\"twitter:label1\" content=\"Gesch\u00e4tzte Lesezeit\" \/>\n\t<meta name=\"twitter:data1\" content=\"9\u00a0Minuten\" \/>\n<script type=\"application\/ld+json\" class=\"yoast-schema-graph\">{\"@context\":\"https:\\\/\\\/schema.org\",\"@graph\":[{\"@type\":\"WebPage\",\"@id\":\"https:\\\/\\\/kirchgemeinde.kikartei.ch\\\/index.php\\\/kinder-und-familien\\\/\",\"url\":\"https:\\\/\\\/kirchgemeinde.kikartei.ch\\\/index.php\\\/kinder-und-familien\\\/\",\"name\":\"Kinder und Familien - Kirchgemeinde Demo\",\"isPartOf\":{\"@id\":\"https:\\\/\\\/kirchgemeinde.kikartei.ch\\\/#website\"},\"datePublished\":\"2021-12-14T17:58:13+00:00\",\"dateModified\":\"2021-12-16T09:19:35+00:00\",\"breadcrumb\":{\"@id\":\"https:\\\/\\\/kirchgemeinde.kikartei.ch\\\/index.php\\\/kinder-und-familien\\\/#breadcrumb\"},\"inLanguage\":\"de\",\"potentialAction\":[{\"@type\":\"ReadAction\",\"target\":[\"https:\\\/\\\/kirchgemeinde.kikartei.ch\\\/index.php\\\/kinder-und-familien\\\/\"]}]},{\"@type\":\"BreadcrumbList\",\"@id\":\"https:\\\/\\\/kirchgemeinde.kikartei.ch\\\/index.php\\\/kinder-und-familien\\\/#breadcrumb\",\"itemListElement\":[{\"@type\":\"ListItem\",\"position\":1,\"name\":\"Startseite\",\"item\":\"https:\\\/\\\/kirchgemeinde.kikartei.ch\\\/\"},{\"@type\":\"ListItem\",\"position\":2,\"name\":\"Kinder und Familien\"}]},{\"@type\":\"WebSite\",\"@id\":\"https:\\\/\\\/kirchgemeinde.kikartei.ch\\\/#website\",\"url\":\"https:\\\/\\\/kirchgemeinde.kikartei.ch\\\/\",\"name\":\"Kirchgemeinde Demo\",\"description\":\"\",\"potentialAction\":[{\"@type\":\"SearchAction\",\"target\":{\"@type\":\"EntryPoint\",\"urlTemplate\":\"https:\\\/\\\/kirchgemeinde.kikartei.ch\\\/?s={search_term_string}\"},\"query-input\":{\"@type\":\"PropertyValueSpecification\",\"valueRequired\":true,\"valueName\":\"search_term_string\"}}],\"inLanguage\":\"de\"}]}<\/script>\n<!-- \/ Yoast SEO plugin. -->","yoast_head_json":{"title":"Kinder und Familien - Kirchgemeinde Demo","robots":{"index":"noindex","follow":"follow","max-snippet":"max-snippet:-1","max-image-preview":"max-image-preview:large","max-video-preview":"max-video-preview:-1"},"og_locale":"de_DE","og_type":"article","og_title":"Kinder und Familien - Kirchgemeinde Demo","og_description":"Kinder und FamilienAufgenommen in Gottes grosse Familie! F\u00fcrchte dich nicht, ich habe dich bei deinem Namen gerufen. Du geh\u00f6rst zu mir!info@kw-software.ch+41 055 789 65 11Mo- Mi: 10.00- 17.00Do- Sa: 01.00 - 16.00\"Geniessen und Feiern\" Der beliebte Zmittag geht weiter, zur gleichen Zeit an einem anderen Tag. Herzlich eingeladen sind Kinder und Jugendliche mit ihren Eltern [&hellip;]","og_url":"https:\/\/kirchgemeinde.kikartei.ch\/index.php\/kinder-und-familien\/","og_site_name":"Kirchgemeinde Demo","article_modified_time":"2021-12-16T09:19:35+00:00","twitter_card":"summary_large_image","twitter_misc":{"Gesch\u00e4tzte Lesezeit":"9\u00a0Minuten"},"schema":{"@context":"https:\/\/schema.org","@graph":[{"@type":"WebPage","@id":"https:\/\/kirchgemeinde.kikartei.ch\/index.php\/kinder-und-familien\/","url":"https:\/\/kirchgemeinde.kikartei.ch\/index.php\/kinder-und-familien\/","name":"Kinder und Familien - Kirchgemeinde Demo","isPartOf":{"@id":"https:\/\/kirchgemeinde.kikartei.ch\/#website"},"datePublished":"2021-12-14T17:58:13+00:00","dateModified":"2021-12-16T09:19:35+00:00","breadcrumb":{"@id":"https:\/\/kirchgemeinde.kikartei.ch\/index.php\/kinder-und-familien\/#breadcrumb"},"inLanguage":"de","potentialAction":[{"@type":"ReadAction","target":["https:\/\/kirchgemeinde.kikartei.ch\/index.php\/kinder-und-familien\/"]}]},{"@type":"BreadcrumbList","@id":"https:\/\/kirchgemeinde.kikartei.ch\/index.php\/kinder-und-familien\/#breadcrumb","itemListElement":[{"@type":"ListItem","position":1,"name":"Startseite","item":"https:\/\/kirchgemeinde.kikartei.ch\/"},{"@type":"ListItem","position":2,"name":"Kinder und Familien"}]},{"@type":"WebSite","@id":"https:\/\/kirchgemeinde.kikartei.ch\/#website","url":"https:\/\/kirchgemeinde.kikartei.ch\/","name":"Kirchgemeinde Demo","description":"","potentialAction":[{"@type":"SearchAction","target":{"@type":"EntryPoint","urlTemplate":"https:\/\/kirchgemeinde.kikartei.ch\/?s={search_term_string}"},"query-input":{"@type":"PropertyValueSpecification","valueRequired":true,"valueName":"search_term_string"}}],"inLanguage":"de"}]}},"_links":{"self":[{"href":"https:\/\/kirchgemeinde.kikartei.ch\/index.php\/wp-json\/wp\/v2\/pages\/589","targetHints":{"allow":["GET"]}}],"collection":[{"href":"https:\/\/kirchgemeinde.kikartei.ch\/index.php\/wp-json\/wp\/v2\/pages"}],"about":[{"href":"https:\/\/kirchgemeinde.kikartei.ch\/index.php\/wp-json\/wp\/v2\/types\/page"}],"author":[{"embeddable":true,"href":"https:\/\/kirchgemeinde.kikartei.ch\/index.php\/wp-json\/wp\/v2\/users\/1"}],"replies":[{"embeddable":true,"href":"https:\/\/kirchgemeinde.kikartei.ch\/index.php\/wp-json\/wp\/v2\/comments?post=589"}],"version-history":[{"count":3,"href":"https:\/\/kirchgemeinde.kikartei.ch\/index.php\/wp-json\/wp\/v2\/pages\/589\/revisions"}],"predecessor-version":[{"id":632,"href":"https:\/\/kirchgemeinde.kikartei.ch\/index.php\/wp-json\/wp\/v2\/pages\/589\/revisions\/632"}],"wp:attachment":[{"href":"https:\/\/kirchgemeinde.kikartei.ch\/index.php\/wp-json\/wp\/v2\/media?parent=589"}],"curies":[{"name":"wp","href":"https:\/\/api.w.org\/{rel}","templated":true}]}}